0)?
3
Let j be -1 + 6 - (5 + -2). Let q(c) = -3 + 4 + 1 + c**j - 3*c - 4. List the prime factors of q(5).
2
Suppose -2 = y - 7. Suppose 396 = y*d - 294. Let m = d + -73. What are the prime factors of m?
5, 13
Let k = 367 - 67. Suppose 4*a = -5*f + 3 - 1, a - 9 = 3*f. Suppose -a*l + 3*u + 168 = 0, 4*l - k = -5*u - 58. What are the prime factors of l?
2, 29
Suppose 4*s = 4*j + 2080, 3*s - 7*j - 1578 = -10*j. What are the prime factors of s?
523
Let c(p) be the first derivative of 2*p**3/3 + 3*p**2 - 6*p + 81. Let t = -5 - 0. What are the prime factors of c(t)?
2, 7
Let o(q) = -4*q**2 + 5*q - 4. Let b be o(2). Let u = 23 + b. What are the prime factors of u?
13
Suppose 0 = -3*a - 100 - 152. Let n = -40 - a. List the prime factors of n.
2, 11
Suppose -901 = -12*i + 1223. List the prime factors of i.
3, 59
Let u = 342 + 151. What are the prime factors of u?
17, 29
Let q(z) = 9*z + 8. Let g be q(-16). Let p = -78 - g. List the prime factors of p.
2, 29
List the prime factors of 1245 - (2 + -2 - 9).
2, 3, 11, 19
Suppose 2*g - r + 6 = 0, 4*g + 14 = -6*r + 7*r. Let a = 0 - 0. What are the prime factors of (a - 1)*1*g?
2
Suppose 4*l = -3*t + 20, 3*l + 14 - 50 = 3*t. What are the prime factors of (9/(-12) - (-2)/l)*-94?
47
Let h = 3276 + -1387. What are the prime factors of h?
1889
Suppose -20*u = 14*u - 58344. What are the prime factors of u?
2, 3, 11, 13
Let w = -84 + 69. What are the prime factors of (-517)/(-2) + w/30?
2, 3, 43
Let f = -1257 + 2313. What are the prime factors of f?
2, 3, 11
Let v(c) = c**3 - 11*c**2 + 12*c - 9. Let z be v(10). Let x = 33 - z. Suppose -x = 9*k - 10*k. What are the prime factors of k?
2, 11
Let b be -33 - 3/((-6)/4). Let a = b - -53. Let y = a + 8. What are the prime factors of y?
2, 3, 5
Suppose -6*b = -3*b - 12. Suppose 0 = -2*y + b*s - 8*s + 348, 2*s = -5*y + 830. What are the prime factors of y?
2, 41
Suppose 0 = -2*v + 3*v + 5*t - 17, 3*t - 15 = -3*v. Suppose -26 + 10 = -4*z. Suppose 5*r + z*l - 270 = 0, r - v*r = l - 54. What are the prime factors of r?
2, 3
Let p be (-6)/(3 + (-236)/76). Let l = p + -100. Let b = l + 74. What are the prime factors of b?
31
Let a = 274 + -186. Let o = 206 - a. What are the prime factors of o?
2, 59
What are the prime factors of 310/13 + (-2)/(-13)*1?
2, 3
Let r = 22 + -16. Suppose -3*s = 3 - r. Let q = 15 + s. List the prime factors of q.
2
Suppose -27*s + 52766 = -85258. What are the prime factors of s?
2, 3, 71
Let d(r) = 2*r**3 + 7*r**2 - 5*r. Let w be d(-4). Suppose 5*t - 576 = -4*j, 4*t - w*j = -0*t + 432. What are the prime factors of t?
2, 7
Let p = -1117 - -1570. What are the prime factors of p?
3, 151
Let b be 5/(4 - -11) - (-11)/3. Let r = 55 - b. What are the prime factors of r?
3, 17
Suppose 13000 = -74*o + 84*o. What are the prime factors of o?
2, 5, 13
Let b = -697 + 1032. List the prime factors of b.
5, 67
Let c(z) = z**3 - 15*z**2 - 2*z - 14. Let r be c(16). Suppose -5*n + 496 = -2*m, -4*n + 2*n = 5*m - r. What are the prime factors of n?
2, 5
Suppose -5*g + 10 = -i - 9, 2*g = -3*i + 11. Suppose 3*b + 2 = 2*r - 11, r - g = -b. List the prime factors of r.
5
List the prime factors of 7*147 - (-127 - -130).
2, 3, 19
Suppose 25*u - 19315 = 13310. List the prime factors of u.
3, 5, 29
Let r = -283 + 635. What are the prime factors of r?
2, 11
Suppose 3 = -n - 23. What are the prime factors of (n/(-6))/((-6)/(-108))?
2, 3, 13
Let g(o) = -2*o**2 - 2*o - 1. Let x be g(-1). Let m be (8/20)/(x/15). Let s(i) = i + 10. What are the prime factors of s(m)?
2
Suppose j + 1400 = -4*j. Let x = -90 - j. Suppose 8*h - 3*q - x = 3*h, 0 = -3*h - 5*q + 80. What are the prime factors of h?
5, 7
Suppose -467 = -2*u + w + 25, -268 = -u - 5*w. Suppose -f = u - 56. List the prime factors of (2/(-6))/(4/f).
2
Suppose 8 = 4*i, -2*q + i = -73 - 363. List the prime factors of q.
3, 73
Let a(x) = 17*x**2 - 4*x - 2. Let r be a(-3). Suppose 13 = 8*p - 19. Suppose -p*s = 15 - r. List the prime factors of s.
37
Let p = 247 - -118. List the prime factors of p.
5, 73
Let d(n) = -3*n**3 - 6*n**2 - 2*n + 5. Let o(s) = -s**3 - s. Let g(t) = d(t) - 5*o(t). What are the prime factors of g(4)?
7
Let s = 14 + 6. Let o(r) = -158*r - 7. Let j be o(-1). Suppose -5*w + i = s - 167, -3*i - j = -5*w. What are the prime factors of w?
29
Suppose 2*k = 26 + 310. Suppose -3*b - k = -3*n - b, -n - 3*b = -45. What are the prime factors of n?
2, 3
Let a(h) = -h**3 + 6*h**2 - 10. Let f be a(6). Let y be f/(-3)*(-1 - -10). Let l = y + -15. What are the prime factors of l?
3, 5
Let c(o) = 0 + 54*o - 9 - 38*o + 28*o. List the prime factors of c(6).
3, 5, 17
Let l = 2842 - 1249. List the prime factors of l.
3, 59
Suppose r - 878 = 4*a, 17*r + a = 19*r - 1735. List the prime factors of r.
2, 433
Let u be ((-8)/10)/(4/(-10)). Suppose -b + 20 = -5*a, 5*b = 2*b - u*a + 9. Suppose -b*m + 25 + 10 = 0. List the prime factors of m.
7
Let c(n) = 31 + n + 2*n - n**3 + 19*n**2 + 2*n. What are the prime factors of c(19)?
2, 3, 7
Suppose 114*l - 120*l + 1410 = 0. List the prime factors of l.
5, 47
Let u = 2201 + -1265. What are the prime factors of u?
2, 3, 13
Suppose i - 3420 = 13*z - 8*z, 5*i - z - 17028 = 0. List the prime factors of i.
3, 5, 227
Suppose -2*s - 4620 = -13*s. What are the prime factors of s?
2, 3, 5, 7
Suppose -2*k = 5 - 13. Suppose k*o - 4 = 0, o - 1 = -2*u - 14. List the prime factors of -4 - (2 + u + -2).
3
Suppose -45*s - 22134 = -66*s. What are the prime factors of s?
2, 17, 31
Let d(q) = -4*q**2 - 13*q + 13. Let z(o) = -o**2. Let x(p) = d(p) - 5*z(p). Let v be x(13). Suppose -16 = -s + v. List the prime factors of s.
29
Let g(f) = 3*f - 20. Let n be g(8). Suppose -y - 12 = -n*y. Suppose 3*l - 3*q - 150 = 0, l = -y*l + 4*q + 248. What are the prime factors of l?
2, 3
Suppose 0 = 17*i - 14*i. Suppose r + 2*l - 52 = i, -2*l = r - 6*l - 70. Let n = 106 - r. What are the prime factors of n?
2, 3
What are the prime factors of 38888/36 + ((-215)/(-45) - 5)?
2, 3, 5
Let y(b) = b**2 - 10*b + 10. Let q be y(10). Suppose 2*m + q = 30. Suppose -3*f + m = -2*f + 2*k, -100 = -4*f + 4*k. List the prime factors of f.
2, 5
Let t(r) = -r**3 - 45*r**2 - 12*r - 148. What are the prime factors of t(-46)?
2, 3, 5, 7
Let m(j) = -12*j**2 + 4*j - 4. Let u be m(-4). Let t = 325 + u. Let x = -78 + t. List the prime factors of x.
5, 7
Let s(d) = 12*d + 18 + 2*d**2 - 9*d + 15*d. List the prime factors of s(-12).
2, 3, 5
Let x = 804 - 311. What are the prime factors of x?
17, 29
Let z = -7 + 10. Suppose -3*r = z*a - 0*r - 51, a = 3*r - 3. What are the prime factors of a?
2, 3
Let y(z) = -38 + 17 + 2*z**2 + 10 + 20*z. List the prime factors of y(-14).
101
Suppose -2*m + 2*c = -7464, -3*c = -55*m + 59*m - 14907. What are the prime factors of m?
3, 11, 113
Let n be (-54)/(-15) + 8/20. List the prime factors of ((-11)/n)/((-7)/56).
2, 11
Let u be 3/6 - (1 - (-15)/(-6)). Suppose -3*n + 298 = -2*w - 444, 0 = 2*n - u*w - 496. List the prime factors of n.
2, 3, 41
Suppose 2*z + 4008 = 3*o + 5*z, 6650 = 5*o - z. List the prime factors of o.
11
Suppose -3*d + 812 = -4*j, 0 = 4*d - 3*j + 2*j - 1087. Suppose d = 5*r - 138. List the prime factors of r.
2, 41
Let a(d) = d - 2. Suppose -5*f = -7*f + 20. Let y be a(f). Suppose 0 = 4*i - 16 - y. List the prime factors of i.
2, 3
Suppose 2*z + 813 = 4*z + h, -1641 = -4*z + 3*h. What are the prime factors of z?
2, 3, 17
Let h(x) = -x**2 - 36 + x + 16*x + 11. List the prime factors of h(12).
5, 7
Let n = -11 + 17. Suppose 2*l = 4*b - n, 5*b + 5*l + 4 = 49. List the prime factors of b.
2
Let n(l) = 13*l - 9. Suppose -5*o + 0*o - 5*q = -130, -o = -5*q - 8. Let d = o - 19. What are the prime factors of n(d)?
43
Let b = -380 - -620. Suppose 2*s + a - b = 0, a + 783 - 176 = 5*s. List the prime factors of s.
11
Let i = -60 - -25. List the prime factors of 10/(-35) + (-11945)/i.
11, 31
Let l(m) = 160*m**2 + 120*m + 457. List the prime factors of l(-4).
43, 59
Let m = -2478 - -3740. List the prime factors of m.
2, 631
Let l(v) = 2*v**2 - 19*v + 11. Let x be l(9). Let p = x + -30. What are the prime factors of ((-20)/14)/(4/p)?
2, 5
Suppose -5*d + 1 = 2*w - 6, 8 = w - 2*d. What are the prime factors of 255*(w/20)/((-6)/(-8))?
2, 3, 17
Let g = 46 - -1. Let i = g - 7. What are the prime factors of i?
2, 5
Suppose -830